{"id":86,"date":"2024-06-11T17:40:25","date_gmt":"2024-06-11T17:40:25","guid":{"rendered":"https:\/\/masam.cuautitlan.unam.mx\/dycme\/smf\/?page_id=86"},"modified":"2024-06-11T17:48:25","modified_gmt":"2024-06-11T17:48:25","slug":"elementos-basicos-de-la-flexibilidad","status":"publish","type":"page","link":"https:\/\/masam.cuautitlan.unam.mx\/dycme\/smf\/elementos-basicos-de-la-flexibilidad\/","title":{"rendered":"Elementos B\u00e1sicos de la Flexibilidad"},"content":{"rendered":"<p>El dominio de cualquier dimensi\u00f3n de la flexibilidad est\u00e1 compuesto de tres elementos: el rango (n\u00famero y heterogeneidad), la movilidad y la uniformidad.<\/p>\n<ul>\n<li><strong>Rango<\/strong>. Es la cantidad de opciones diferentes que se pueden alcanzar en un aspecto espec\u00edfico de flexibilidad. No solo importa cu\u00e1ntas opciones hay, sino tambi\u00e9n cu\u00e1n distintas son entre s\u00ed. Por ejemplo, el rango puede referirse a la variedad de tama\u00f1os, vol\u00famenes o tipos de productos que se pueden fabricar.<\/li>\n<\/ul>\n<p>&nbsp;<\/p>\n<div class=\"flex flex-grow flex-col max-w-full\">\n<div class=\"min-h-[20px] text-message flex flex-col items-start whitespace-pre-wrap break-words [.text-message+&amp;]:mt-5 juice:w-full juice:items-end overflow-x-auto gap-2\" dir=\"auto\" data-message-author-role=\"assistant\" data-message-id=\"fb3f44d1-61c4-4732-98da-e7d95aa9ea3b\">\n<div class=\"flex w-full flex-col gap-1 juice:empty:hidden juice:first:pt-[3px]\">\n<div class=\"markdown prose w-full break-words dark:prose-invert light\">\n<ul>\n<li><strong>Movilidad<\/strong>. Se refiere a qu\u00e9 tan f\u00e1cil es para la organizaci\u00f3n cambiar de un estado a otro dentro de su rango de opciones. Esta facilidad se mide por el tiempo y el costo necesarios para hacer el cambio. Una organizaci\u00f3n es m\u00e1s flexible si puede hacer estos cambios con pocas penalizaciones, como tiempo de preparaci\u00f3n (setup), costos de producci\u00f3n adicionales, tiempo administrativo y la cantidad de desperdicio o retrabajo que ocurra durante la transici\u00f3n.<\/li>\n<\/ul>\n<\/div>\n<ul>\n<li><strong>Uniformidad<\/strong>. Se refiere a la consistencia de los resultados (salidas) dentro del rango de opciones. Esto significa que, al medir diferentes aspectos como eficiencia, productividad, calidad, tiempos de proceso, etc., el desempe\u00f1o no debe cambiar mucho seg\u00fan la posici\u00f3n dentro del rango. La uniformidad debe mantenerse, evitando grandes fluctuaciones o variaciones significativas en el rendimiento.<\/li>\n<\/ul>\n<\/div>\n<\/div>\n<\/div>\n<div class=\"mt-1 flex gap-3 empty:hidden juice:-ml-3\">\n<div class=\"items-center justify-start rounded-xl p-1 flex\">\n<div class=\"flex items-center\"><\/div>\n<\/div>\n<\/div>\n<p>&nbsp;<\/p>\n","protected":false},"excerpt":{"rendered":"<p>El dominio de cualquier dimensi\u00f3n de la flexibilidad est\u00e1 compuesto de tres elementos: el rango (n\u00famero y heterogeneidad), la movilidad y la uniformidad. Rango. Es la cantidad de opciones diferentes que se pueden alcanzar en un aspecto espec\u00edfico de flexibilidad. No solo importa cu\u00e1ntas opciones hay, sino tambi\u00e9n cu\u00e1n distintas son entre s\u00ed. Por ejemplo, &hellip; <\/p>\n<p class=\"link-more\"><a href=\"https:\/\/masam.cuautitlan.unam.mx\/dycme\/smf\/elementos-basicos-de-la-flexibilidad\/\" class=\"more-link\">Continuar leyendo<span class=\"screen-reader-text\"> &#8220;Elementos B\u00e1sicos de la Flexibilidad&#8221;<\/span><\/a><\/p>\n","protected":false},"author":9,"featured_media":0,"parent":0,"menu_order":0,"comment_status":"closed","ping_status":"closed","template":"","meta":{"inline_featured_image":false,"footnotes":""},"class_list":["post-86","page","type-page","status-publish","hentry"],"_links":{"self":[{"href":"https:\/\/masam.cuautitlan.unam.mx\/dycme\/smf\/wp-json\/wp\/v2\/pages\/86","targetHints":{"allow":["GET"]}}],"collection":[{"href":"https:\/\/masam.cuautitlan.unam.mx\/dycme\/smf\/wp-json\/wp\/v2\/pages"}],"about":[{"href":"https:\/\/masam.cuautitlan.unam.mx\/dycme\/smf\/wp-json\/wp\/v2\/types\/page"}],"author":[{"embeddable":true,"href":"https:\/\/masam.cuautitlan.unam.mx\/dycme\/smf\/wp-json\/wp\/v2\/users\/9"}],"replies":[{"embeddable":true,"href":"https:\/\/masam.cuautitlan.unam.mx\/dycme\/smf\/wp-json\/wp\/v2\/comments?post=86"}],"version-history":[{"count":3,"href":"https:\/\/masam.cuautitlan.unam.mx\/dycme\/smf\/wp-json\/wp\/v2\/pages\/86\/revisions"}],"predecessor-version":[{"id":94,"href":"https:\/\/masam.cuautitlan.unam.mx\/dycme\/smf\/wp-json\/wp\/v2\/pages\/86\/revisions\/94"}],"wp:attachment":[{"href":"https:\/\/masam.cuautitlan.unam.mx\/dycme\/smf\/wp-json\/wp\/v2\/media?parent=86"}],"curies":[{"name":"wp","href":"https:\/\/api.w.org\/{rel}","templated":true}]}}