{"id":171,"date":"2024-08-16T18:16:55","date_gmt":"2024-08-16T18:16:55","guid":{"rendered":"https:\/\/masam.cuautitlan.unam.mx\/dycme\/smf\/?page_id=171"},"modified":"2024-08-16T18:26:00","modified_gmt":"2024-08-16T18:26:00","slug":"componentes-principales","status":"publish","type":"page","link":"https:\/\/masam.cuautitlan.unam.mx\/dycme\/smf\/componentes-principales\/","title":{"rendered":"Componentes de la Manufactura"},"content":{"rendered":"<p>La manufactura es una actividad tan compleja que abarca diversas<br \/>\nactividades y recursos, algunos de ellos son:<\/p>\n<ul>\n<li>Dise\u00f1o del producto:Proceso de creaci\u00f3n y desarrollo de un producto nuevo la mejora de uno ya existente<\/li>\n<li>Maquinar\u00eda y herramienta: Tales como CNC, robots industriales, sistemas de control y automatizaci\u00f3n y sistemas de transporte y almacenamiento<\/li>\n<li>Planeaci\u00f3n del proceso: Planificaci\u00f3n\u00a0 y coordinaci\u00f3n de actividades necesarias para producir el producto<\/li>\n<li>Materiales<\/li>\n<li>Compra<\/li>\n<li>Control de la producci\u00f3n: Regulaci\u00f3n y supervisi\u00f3n de la producci\u00f3n<\/li>\n<li>Servicios de soporte y al cliente<\/li>\n<li>Marketing y ventas<\/li>\n<li>Embarque y ventas<\/li>\n<\/ul>\n","protected":false},"excerpt":{"rendered":"<p>La manufactura es una actividad tan compleja que abarca diversas actividades y recursos, algunos de ellos son: Dise\u00f1o del producto:Proceso de creaci\u00f3n y desarrollo de un producto nuevo la mejora de uno ya existente Maquinar\u00eda y herramienta: Tales como CNC, robots industriales, sistemas de control y automatizaci\u00f3n y sistemas de transporte y almacenamiento Planeaci\u00f3n del &hellip; <\/p>\n<p class=\"link-more\"><a href=\"https:\/\/masam.cuautitlan.unam.mx\/dycme\/smf\/componentes-principales\/\" class=\"more-link\">Continuar leyendo<span class=\"screen-reader-text\"> &#8220;Componentes de la Manufactura&#8221;<\/span><\/a><\/p>\n","protected":false},"author":9,"featured_media":0,"parent":0,"menu_order":0,"comment_status":"closed","ping_status":"closed","template":"","meta":{"inline_featured_image":false,"footnotes":""},"class_list":["post-171","page","type-page","status-publish","hentry"],"_links":{"self":[{"href":"https:\/\/masam.cuautitlan.unam.mx\/dycme\/smf\/wp-json\/wp\/v2\/pages\/171","targetHints":{"allow":["GET"]}}],"collection":[{"href":"https:\/\/masam.cuautitlan.unam.mx\/dycme\/smf\/wp-json\/wp\/v2\/pages"}],"about":[{"href":"https:\/\/masam.cuautitlan.unam.mx\/dycme\/smf\/wp-json\/wp\/v2\/types\/page"}],"author":[{"embeddable":true,"href":"https:\/\/masam.cuautitlan.unam.mx\/dycme\/smf\/wp-json\/wp\/v2\/users\/9"}],"replies":[{"embeddable":true,"href":"https:\/\/masam.cuautitlan.unam.mx\/dycme\/smf\/wp-json\/wp\/v2\/comments?post=171"}],"version-history":[{"count":3,"href":"https:\/\/masam.cuautitlan.unam.mx\/dycme\/smf\/wp-json\/wp\/v2\/pages\/171\/revisions"}],"predecessor-version":[{"id":176,"href":"https:\/\/masam.cuautitlan.unam.mx\/dycme\/smf\/wp-json\/wp\/v2\/pages\/171\/revisions\/176"}],"wp:attachment":[{"href":"https:\/\/masam.cuautitlan.unam.mx\/dycme\/smf\/wp-json\/wp\/v2\/media?parent=171"}],"curies":[{"name":"wp","href":"https:\/\/api.w.org\/{rel}","templated":true}]}}