{"id":8,"date":"2022-04-08T01:51:57","date_gmt":"2022-04-08T01:51:57","guid":{"rendered":"https:\/\/masam.cuautitlan.unam.mx\/dycme\/cnc3d\/?page_id=8"},"modified":"2025-06-05T23:37:09","modified_gmt":"2025-06-05T23:37:09","slug":"impresion-3d","status":"publish","type":"page","link":"https:\/\/masam.cuautitlan.unam.mx\/dycme\/cnc3d\/impresion-3d\/","title":{"rendered":"Impresi\u00f3n 3D"},"content":{"rendered":"<p>Esta secci\u00f3n est\u00e1 enfocada a mostrar los antecedentes hist\u00f3ricos y conceptos b\u00e1sicos de la impresi\u00f3n 3D, por favor, navegue a trav\u00e9s del men\u00fa para ver los diferentes puntos que se publicaron.<\/p>\n","protected":false},"excerpt":{"rendered":"<p>Esta secci\u00f3n est\u00e1 enfocada a mostrar los antecedentes hist\u00f3ricos y conceptos b\u00e1sicos de la impresi\u00f3n 3D, por favor, navegue a trav\u00e9s del men\u00fa para ver los diferentes puntos que se publicaron.<\/p>\n","protected":false},"author":2,"featured_media":0,"parent":0,"menu_order":0,"comment_status":"closed","ping_status":"closed","template":"","meta":{"inline_featured_image":false,"footnotes":""},"class_list":["post-8","page","type-page","status-publish","hentry"],"_links":{"self":[{"href":"https:\/\/masam.cuautitlan.unam.mx\/dycme\/cnc3d\/wp-json\/wp\/v2\/pages\/8","targetHints":{"allow":["GET"]}}],"collection":[{"href":"https:\/\/masam.cuautitlan.unam.mx\/dycme\/cnc3d\/wp-json\/wp\/v2\/pages"}],"about":[{"href":"https:\/\/masam.cuautitlan.unam.mx\/dycme\/cnc3d\/wp-json\/wp\/v2\/types\/page"}],"author":[{"embeddable":true,"href":"https:\/\/masam.cuautitlan.unam.mx\/dycme\/cnc3d\/wp-json\/wp\/v2\/users\/2"}],"replies":[{"embeddable":true,"href":"https:\/\/masam.cuautitlan.unam.mx\/dycme\/cnc3d\/wp-json\/wp\/v2\/comments?post=8"}],"version-history":[{"count":2,"href":"https:\/\/masam.cuautitlan.unam.mx\/dycme\/cnc3d\/wp-json\/wp\/v2\/pages\/8\/revisions"}],"predecessor-version":[{"id":319,"href":"https:\/\/masam.cuautitlan.unam.mx\/dycme\/cnc3d\/wp-json\/wp\/v2\/pages\/8\/revisions\/319"}],"wp:attachment":[{"href":"https:\/\/masam.cuautitlan.unam.mx\/dycme\/cnc3d\/wp-json\/wp\/v2\/media?parent=8"}],"curies":[{"name":"wp","href":"https:\/\/api.w.org\/{rel}","templated":true}]}}